{"id":653,"date":"2023-12-08T12:17:31","date_gmt":"2023-12-08T11:17:31","guid":{"rendered":"https:\/\/www.miyu.fr\/galerie\/?post_type=artist&amp;p=46"},"modified":"2023-12-08T12:17:31","modified_gmt":"2023-12-08T11:17:31","slug":"marie-larrive","status":"publish","type":"artist","link":"https:\/\/www.miyu.fr\/galerie\/artist\/marie-larrive\/","title":{"rendered":"Marie Larriv\u00e9"},"content":{"rendered":"<p>Peintre et r\u00e9alisatrice de films d\u2019animation, Marie Larriv\u00e9, est dipl\u00f4m\u00e9e de l\u2019ENSAD Paris o\u00f9 elle a d\u00e9velopp\u00e9 une pratique de l\u2019image fixe et en mouvement.\u00a0 Parall\u00e8lement \u00e0 son travail personnel, elle collabore avec des magazines en tant qu\u2019illustratrice. Elle r\u00e9alise \u00e9galement des clips musicaux tels que <i>Saba<\/i>, co-r\u00e9alis\u00e9 avec Lucas Malbrun, pour Sabrina et Samantha. En 2021, Marie r\u00e9alise son premier court-m\u00e9trage en peinture anim\u00e9e, <i>Noir-Soleil<\/i>, s\u00e9lectionn\u00e9 \u00e0 la Semaine de la Critique \u00e0 Cannes 2021 et nomm\u00e9 aux C\u00e9sars 2023.<\/p>\n","protected":false},"featured_media":656,"template":"","meta":{"_acf_changed":false},"creator":[152],"class_list":["post-653","artist","type-artist","status-publish","has-post-thumbnail","hentry","creator-tout"],"acf":[],"_links":{"self":[{"href":"https:\/\/www.miyu.fr\/galerie\/wp-json\/wp\/v2\/artist\/653","targetHints":{"allow":["GET"]}}],"collection":[{"href":"https:\/\/www.miyu.fr\/galerie\/wp-json\/wp\/v2\/artist"}],"about":[{"href":"https:\/\/www.miyu.fr\/galerie\/wp-json\/wp\/v2\/types\/artist"}],"wp:featuredmedia":[{"embeddable":true,"href":"https:\/\/www.miyu.fr\/galerie\/wp-json\/wp\/v2\/media\/656"}],"wp:attachment":[{"href":"https:\/\/www.miyu.fr\/galerie\/wp-json\/wp\/v2\/media?parent=653"}],"wp:term":[{"taxonomy":"creator","embeddable":true,"href":"https:\/\/www.miyu.fr\/galerie\/wp-json\/wp\/v2\/creator?post=653"}],"curies":[{"name":"wp","href":"https:\/\/api.w.org\/{rel}","templated":true}]}}

Marie Larrivé

<p>Peintre et réalisatrice de films d’animation, Marie Larrivé, est diplômée de l’ENSAD Paris où elle a développé une pratique de l’image fixe et en mouvement.  Parallèlement à son travail personnel, elle collabore avec des magazines en tant qu’illustratrice. Elle réalise également des clips musicaux tels que <i>Saba</i>, co-réalisé avec Lucas Malbrun, pour Sabrina et Samantha. En 2021, Marie réalise son premier court-métrage en peinture animée, <i>Noir-Soleil</i>, sélectionné à la Semaine de la Critique à Cannes 2021 et nommé aux Césars 2023.</p>
