{"id":264,"date":"2024-02-09T14:30:56","date_gmt":"2024-02-09T13:30:56","guid":{"rendered":"https:\/\/www.miyu.fr\/galerie\/?post_type=artist&amp;p=264"},"modified":"2024-02-09T14:30:56","modified_gmt":"2024-02-09T13:30:56","slug":"boris-labbe","status":"publish","type":"artist","link":"https:\/\/www.miyu.fr\/galerie\/artist\/boris-labbe\/","title":{"rendered":"Boris Labb\u00e9"},"content":{"rendered":"<p>La d\u00e9marche d\u2019animation exp\u00e9rimentale du r\u00e9alisateur et illustrateur Boris Labb\u00e9 se veut th\u00e9matique et illustre la paling\u00e9n\u00e9sie, notion faisant \u00e0 la fois appel \u00e0 la boucle et \u00e0 la r\u00e9g\u00e9n\u00e9ration: retour cyclique de m\u00eames \u00e9v\u00e8nements, r\u00e9apparition r\u00e9guli\u00e8re de caract\u00e8res ancestraux et retour \u00e9ternel \u00e0 la vie.<\/p>\n","protected":false},"featured_media":265,"template":"","meta":{"_acf_changed":false},"creator":[152],"class_list":["post-264","artist","type-artist","status-publish","has-post-thumbnail","hentry","creator-tout"],"acf":[],"_links":{"self":[{"href":"https:\/\/www.miyu.fr\/galerie\/wp-json\/wp\/v2\/artist\/264","targetHints":{"allow":["GET"]}}],"collection":[{"href":"https:\/\/www.miyu.fr\/galerie\/wp-json\/wp\/v2\/artist"}],"about":[{"href":"https:\/\/www.miyu.fr\/galerie\/wp-json\/wp\/v2\/types\/artist"}],"wp:featuredmedia":[{"embeddable":true,"href":"https:\/\/www.miyu.fr\/galerie\/wp-json\/wp\/v2\/media\/265"}],"wp:attachment":[{"href":"https:\/\/www.miyu.fr\/galerie\/wp-json\/wp\/v2\/media?parent=264"}],"wp:term":[{"taxonomy":"creator","embeddable":true,"href":"https:\/\/www.miyu.fr\/galerie\/wp-json\/wp\/v2\/creator?post=264"}],"curies":[{"name":"wp","href":"https:\/\/api.w.org\/{rel}","templated":true}]}}

Boris Labbé

<p>La démarche d’animation expérimentale du réalisateur et illustrateur Boris Labbé se veut thématique et illustre la palingénésie, notion faisant à la fois appel à la boucle et à la régénération: retour cyclique de mêmes évènements, réapparition régulière de caractères ancestraux et retour éternel à la vie.</p>
