{"id":244,"date":"2024-02-08T12:08:17","date_gmt":"2024-02-08T11:08:17","guid":{"rendered":"https:\/\/www.miyu.fr\/galerie\/?post_type=artist&amp;p=244"},"modified":"2024-02-08T12:08:17","modified_gmt":"2024-02-08T11:08:17","slug":"hedi-nabil","status":"publish","type":"artist","link":"https:\/\/www.miyu.fr\/galerie\/artist\/hedi-nabil\/","title":{"rendered":"Hedi Nabil"},"content":{"rendered":"<p>Hedi Nabil est n\u00e9 \u00e0 Bagnolet en 1994, il vit et travaille \u00e0 Paris.<\/p>\n<p>Il est dipl\u00f4m\u00e9 de la section d&rsquo;illustration de l\u2019ESA Saint-Luc de Bruxelles ainsi que des Beaux-Arts de Paris. En 2015, il produit le fanzine <i>\u00d4 jour, \u00d4 jour<\/i> \u00e9dit\u00e9 par la maison d\u2019\u00e9dition Red Lebanese. En 2017, il entame une collaboration avec le musicien Mad Rey, dont il illustre la pochette de l&rsquo;album <i>Balabushka<\/i>.<\/p>\n<p>En 2017, il entreprend un voyage en Chine en suivant les routes de la soie. Il chemine de P\u00e9kin \u00e0 Dunhuang et s\u2019arr\u00eate \u00e0 la lisi\u00e8re du d\u00e9sert de Gobi, o\u00f9 il d\u00e9couvre les grottes de Mogao. Ce voyage est une r\u00e9v\u00e9lation pour Hedi Nabil. Depuis lors, il essaie de retranscrire \u00e0 travers ses diff\u00e9rentes pratiques artistiques les impressions de ce voyage, que ce soit dans les th\u00e8mes abord\u00e9s ou dans les mises en sc\u00e8ne de ses \u0153uvres.\u00a0 De la Belgique, il d\u00e9clare garder en m\u00e9moire \u00ab\u00a0la puret\u00e9 de sa lumi\u00e8re quand les premiers jours du Printemps reviennent, le rouge de son pays et le souvenir de ses amis belges\u00a0\u00bb.<\/p>\n<p>En 2022, une nouvelle collaboration avec Mad Rey voit le jour, avec la r\u00e9alisation du clip <i>Bient\u00f4t la lumi\u00e8re<\/i>, co-r\u00e9alis\u00e9 avec Thami Nabil. Sort \u00e9galement la m\u00eame ann\u00e9e le clip <i>Poster Child\u00a0<\/i>des Red Hot Chili Peppers co-r\u00e9alis\u00e9 par Thami Nabil et Julien Calemard, Hedi Nabil contribue \u00e0 l\u2019animation.<\/p>\n<p>En 2022, Hedi Nabil participe aux exposition<i>\u00a0100% l\u2019expo<\/i> \u00e0 la Villette ainsi qu\u2019\u00e0 l\u2019exposition <i>Felicita<\/i> pr\u00e9sent\u00e9e \u00e0 Poush.<\/p>\n","protected":false},"featured_media":262,"template":"","meta":{"_acf_changed":false},"creator":[152],"class_list":["post-244","artist","type-artist","status-publish","has-post-thumbnail","hentry","creator-tout"],"acf":[],"_links":{"self":[{"href":"https:\/\/www.miyu.fr\/galerie\/wp-json\/wp\/v2\/artist\/244","targetHints":{"allow":["GET"]}}],"collection":[{"href":"https:\/\/www.miyu.fr\/galerie\/wp-json\/wp\/v2\/artist"}],"about":[{"href":"https:\/\/www.miyu.fr\/galerie\/wp-json\/wp\/v2\/types\/artist"}],"wp:featuredmedia":[{"embeddable":true,"href":"https:\/\/www.miyu.fr\/galerie\/wp-json\/wp\/v2\/media\/262"}],"wp:attachment":[{"href":"https:\/\/www.miyu.fr\/galerie\/wp-json\/wp\/v2\/media?parent=244"}],"wp:term":[{"taxonomy":"creator","embeddable":true,"href":"https:\/\/www.miyu.fr\/galerie\/wp-json\/wp\/v2\/creator?post=244"}],"curies":[{"name":"wp","href":"https:\/\/api.w.org\/{rel}","templated":true}]}}

<p>Hedi Nabil est né à Bagnolet en 1994, il vit et travaille à Paris.</p>
<p>Il est diplômé de la section d&rsquo;illustration de l’ESA Saint-Luc de Bruxelles ainsi que des Beaux-Arts de Paris. En 2015, il produit le fanzine <i>Ô jour, Ô jour</i> édité par la maison d’édition Red Lebanese. En 2017, il entame une collaboration avec le musicien Mad Rey, dont il illustre la pochette de l&rsquo;album <i>Balabushka</i>.</p>
<p>En 2017, il entreprend un voyage en Chine en suivant les routes de la soie. Il chemine de Pékin à Dunhuang et s’arrête à la lisière du désert de Gobi, où il découvre les grottes de Mogao. Ce voyage est une révélation pour Hedi Nabil. Depuis lors, il essaie de retranscrire à travers ses différentes pratiques artistiques les impressions de ce voyage, que ce soit dans les thèmes abordés ou dans les mises en scène de ses œuvres.  De la Belgique, il déclare garder en mémoire « la pureté de sa lumière quand les premiers jours du Printemps reviennent, le rouge de son pays et le souvenir de ses amis belges ».</p>
<p>En 2022, une nouvelle collaboration avec Mad Rey voit le jour, avec la réalisation du clip <i>Bientôt la lumière</i>, co-réalisé avec Thami Nabil. Sort également la même année le clip <i>Poster Child </i>des Red Hot Chili Peppers co-réalisé par Thami Nabil et Julien Calemard, Hedi Nabil contribue à l’animation.</p>
<p>En 2022, Hedi Nabil participe aux exposition<i> 100% l’expo</i> à la Villette ainsi qu’à l’exposition <i>Felicita</i> présentée à Poush.</p>
