{"id":210,"date":"2024-02-07T12:22:29","date_gmt":"2024-02-07T11:22:29","guid":{"rendered":"https:\/\/www.miyu.fr\/galerie\/?post_type=artist&amp;p=210"},"modified":"2024-02-07T12:22:29","modified_gmt":"2024-02-07T11:22:29","slug":"simon-rouby","status":"publish","type":"artist","link":"https:\/\/www.miyu.fr\/galerie\/artist\/simon-rouby\/","title":{"rendered":"Simon Rouby"},"content":{"rendered":"<p>N\u00e9 en 1980, Simon Rouby s\u2019initie d\u00e8s l\u2019enfance \u00e0 la pratique de la peinture, de la sculpture et du graffiti. Il \u00e9tudie le dessin pendant deux ans \u00e0 l\u2019\u00c9cole \u00c9mile Cohl avant de se former \u00e0 la r\u00e9alisation de films d\u2019animation \u00e0 l\u2019\u00c9cole des Gobelins puis \u00e0 la CalArts de Los Angeles. Ses \u0153uvres ont \u00e9t\u00e9 s\u00e9lectionn\u00e9es dans de nombreux festivals internationaux.\u00a0<em>Adama<\/em>, son premier long-m\u00e9trage, a \u00e9t\u00e9 nomm\u00e9 aux C\u00e9sars et aux European Film Awards parmi les meilleurs films d\u2019animation de l\u2019ann\u00e9e 2015.<\/p>\n<p>En 2017, Simon Rouby est pensionnaire \u00e0 la Villa M\u00e9dicis de Rome, o\u00f9 le projet <em>Pangea<\/em> voit le jour. Il est par la suite laur\u00e9at de l\u2019Atelier des Ailleurs, r\u00e9sidence initi\u00e9e par le minist\u00e8re de la Culture \u2013 Direction des Affaires Culturelles de La R\u00e9union et les Terres Australes et Antarctiques Fran\u00e7aises. Il s\u00e9journe alors plusieurs mois dans les \u00eeles Kerguelen o\u00f9 il capture de nombreuses images de paysages. Ses recherches le conduisent \u00e9galement au Nigeria en juin 2018.<\/p>\n","protected":false},"featured_media":212,"template":"","meta":{"_acf_changed":false},"creator":[152],"class_list":["post-210","artist","type-artist","status-publish","has-post-thumbnail","hentry","creator-tout"],"acf":[],"_links":{"self":[{"href":"https:\/\/www.miyu.fr\/galerie\/wp-json\/wp\/v2\/artist\/210","targetHints":{"allow":["GET"]}}],"collection":[{"href":"https:\/\/www.miyu.fr\/galerie\/wp-json\/wp\/v2\/artist"}],"about":[{"href":"https:\/\/www.miyu.fr\/galerie\/wp-json\/wp\/v2\/types\/artist"}],"wp:featuredmedia":[{"embeddable":true,"href":"https:\/\/www.miyu.fr\/galerie\/wp-json\/wp\/v2\/media\/212"}],"wp:attachment":[{"href":"https:\/\/www.miyu.fr\/galerie\/wp-json\/wp\/v2\/media?parent=210"}],"wp:term":[{"taxonomy":"creator","embeddable":true,"href":"https:\/\/www.miyu.fr\/galerie\/wp-json\/wp\/v2\/creator?post=210"}],"curies":[{"name":"wp","href":"https:\/\/api.w.org\/{rel}","templated":true}]}}

<p>Né en 1980, Simon Rouby s’initie dès l’enfance à la pratique de la peinture, de la sculpture et du graffiti. Il étudie le dessin pendant deux ans à l’École Émile Cohl avant de se former à la réalisation de films d’animation à l’École des Gobelins puis à la CalArts de Los Angeles. Ses œuvres ont été sélectionnées dans de nombreux festivals internationaux. <em>Adama</em>, son premier long-métrage, a été nommé aux Césars et aux European Film Awards parmi les meilleurs films d’animation de l’année 2015.</p>
<p>En 2017, Simon Rouby est pensionnaire à la Villa Médicis de Rome, où le projet <em>Pangea</em> voit le jour. Il est par la suite lauréat de l’Atelier des Ailleurs, résidence initiée par le ministère de la Culture – Direction des Affaires Culturelles de La Réunion et les Terres Australes et Antarctiques Françaises. Il séjourne alors plusieurs mois dans les îles Kerguelen où il capture de nombreuses images de paysages. Ses recherches le conduisent également au Nigeria en juin 2018.</p>
